{"id":2282,"date":"2025-01-22T21:17:44","date_gmt":"2025-01-23T00:17:44","guid":{"rendered":"https:\/\/planetatecno.com.uy\/planeta\/?page_id=2282"},"modified":"2025-10-18T13:16:06","modified_gmt":"2025-10-18T16:16:06","slug":"diseno-y-alojamiento-de-sitios-web","status":"publish","type":"page","link":"https:\/\/planetatecno.com.uy\/planeta\/diseno-y-alojamiento-de-sitios-web\/","title":{"rendered":"Dise\u00f1o y alojamiento de sitios Web"},"content":{"rendered":"\n<p>\u00bfNecesita un sitio web para su proyecto o negocio? Ya sea un emprendimiento, blog, tienda en l\u00ednea, porfolio profesional o cualquier otra idea para aparecer en l\u00ednea en Planeta Tecno tenemos una soluci\u00f3n.<\/p>\n\n\n\n<p>Ofrecemos dise\u00f1o y alojamiento de sitios Web completo, con las siguientes caracter\u00edsticas:<\/p>\n\n\n\n<ul class=\"wp-block-list\">\n<li>Correo electr\u00f3nico propio<\/li>\n\n\n\n<li>Dominio incluido.<\/li>\n\n\n\n<li>Dise\u00f1o responsivo.<\/li>\n\n\n\n<li>Formulario de contacto.<\/li>\n\n\n\n<li>Accesos directos a redes sociales.<\/li>\n\n\n\n<li>Y mucho m\u00e1s&#8230;<\/li>\n<\/ul>\n\n\n\n<p>Puede consultar m\u00e1s sobre las caracter\u00edsticas del servicio, planes y promociones desde nuestro <a href=\"https:\/\/planetatecno.com.uy\/planeta\/contacto\/\">formulario de contacto<\/a>.<\/p>\n\n\n\n<p><\/p>\n","protected":false},"excerpt":{"rendered":"<p>\u00bfNecesita un sitio web para su proyecto o negocio? Ya sea un emprendimiento, blog, tienda en l\u00ednea, porfolio profesional o cualquier otra idea para aparecer en l\u00ednea en Planeta Tecno tenemos una soluci\u00f3n. Ofrecemos dise\u00f1o y alojamiento de sitios Web completo, con las siguientes caracter\u00edsticas: Puede consultar m\u00e1s sobre las caracter\u00edsticas del servicio, planes y &hellip;<br \/><a href=\"https:\/\/planetatecno.com.uy\/planeta\/diseno-y-alojamiento-de-sitios-web\/\" class=\"more-link pen_button pen_element_default pen_icon_arrow_double\">Seguir leyendo <span class=\"screen-reader-text\">Dise\u00f1o y alojamiento de sitios Web<\/span><\/a><\/p>\n","protected":false},"author":1,"featured_media":2283,"parent":0,"menu_order":0,"comment_status":"closed","ping_status":"closed","template":"","meta":{"footnotes":""},"class_list":["post-2282","page","type-page","status-publish","has-post-thumbnail","hentry"],"_links":{"self":[{"href":"https:\/\/planetatecno.com.uy\/planeta\/wp-json\/wp\/v2\/pages\/2282","targetHints":{"allow":["GET"]}}],"collection":[{"href":"https:\/\/planetatecno.com.uy\/planeta\/wp-json\/wp\/v2\/pages"}],"about":[{"href":"https:\/\/planetatecno.com.uy\/planeta\/wp-json\/wp\/v2\/types\/page"}],"author":[{"embeddable":true,"href":"https:\/\/planetatecno.com.uy\/planeta\/wp-json\/wp\/v2\/users\/1"}],"replies":[{"embeddable":true,"href":"https:\/\/planetatecno.com.uy\/planeta\/wp-json\/wp\/v2\/comments?post=2282"}],"version-history":[{"count":2,"href":"https:\/\/planetatecno.com.uy\/planeta\/wp-json\/wp\/v2\/pages\/2282\/revisions"}],"predecessor-version":[{"id":2430,"href":"https:\/\/planetatecno.com.uy\/planeta\/wp-json\/wp\/v2\/pages\/2282\/revisions\/2430"}],"wp:featuredmedia":[{"embeddable":true,"href":"https:\/\/planetatecno.com.uy\/planeta\/wp-json\/wp\/v2\/media\/2283"}],"wp:attachment":[{"href":"https:\/\/planetatecno.com.uy\/planeta\/wp-json\/wp\/v2\/media?parent=2282"}],"curies":[{"name":"wp","href":"https:\/\/api.w.org\/{rel}","templated":true}]}}